z(f).
-5
Suppose 5*r + 5*v + 3 = -132, 10 = 2*v. Let j be (80/r - (-1 - 1))*-4. Suppose 4 = j*y - 3*s, -4 = 4*y - 0*s - 3*s. Let u(p) = p**2 + 4*p + 3. Determine u(y).
3
Let q(z) = 10*z + 98. Let o(a) = 3*a + 30. Let c(m) = -18*o(m) + 5*q(m). Determine c(-8).
-18
Let w be (-294)/(-10) - 168/(-280). Let k(i) = 2*i**2 - 60*i - 1. Let x be k(w). Let a(v) = -5*v**3 - v - 1. Give a(x).
5
Let i(p) = -p**2 + 8*p - 4. Let u = 135 + -131. Let q be (u/2)/(8*(-3)/(-48)). What is i(q)?
12
Let i = 11389 - 11366. Let j(v) be the second derivative of -i*v + 0 - 1/6*v**3 - 3/2*v**2. Calculate j(-5).
2
Let p = -1 - 4. Let o(l) = 4*l + 4. Let x(f) = 7*f + 2. Let t(r) = -21*r - 8. Let q(z) = 3*t(z) + 8*x(z). Let i(d) = 5*o(d) + 3*q(d). Determine i(p).
1
Suppose -3*y = 5*q + 64, -5*q + y - 54 + 2 = 0. Let v(m) = -m**2 - 13*m + 7. Determine v(q).
29
Suppose w + 9 = 13. Let g(a) = -45 + 742*a - 747*a + a**2 + 49. Give g(w).
0
Suppose 3*z + 4 = -n, -4*z + 10 = -9*z. Suppose 3*b - h = 12, 3*b - 3 = -n*h - 0*h. Let u(y) = 69*y - y**2 - 5*y**b + 2*y**3 - 1 - 67*y. Calculate u(1).
-3
Let i(u) = u**3 + 6*u**2. Let x be i(-6). Let r(a) be the first derivative of a**2/2 + 33*a - 7549. Determine r(x).
33
Let t be (-1300)/(-1950)*-2*27/(-36). Let k(w) be the first derivative of 4*w**3/3 + w**2/2 - w + 1. Let d(u) be the first derivative of k(u). Determine d(t).
9
Suppose 4*y - 77 = -3*m, -3*y + m + 43 = -18. Let g = -21 + y. Let c = -1 + g. Let w(a) = -10*a + 1. Calculate w(c).
21
Let d(l) = -19*l + 1. Let f(n) = -32*n - 1. Let x(w) = -5*d(w) + 3*f(w). Give x(-3).
-5
Let g(q) = -59*q**2 + 67*q**2 + q**3 - 117*q + 20 + 106*q. Calculate g(-10).
-70
Let z(y) = 4*y + 7. Let i(l) = l**2 - 14*l + 48. Let a be i(11). Suppose 33 - a = -6*v. Give z(v).
-5
Let c(u) = u**2 - u + 6. Suppose 0 = 69*r - 54*r + 2145. Let o = 143 + r. Give c(o).
6
Let x(l) be the first derivative of l**4/4 - 4*l**3/3 + 2*l + 15. Suppose 4*t = -n + 14, -2*t - 2*n - 13 = -17. What is x(t)?
2
Let c(j) be the third derivative of j**5/60 - j**4/3 - j**3 - 25*j**2 + 4. Let k be ((-10)/25)/(4/(-70)). Calculate c(k).
-13
Let p(v) = -2*v - 2. Suppose 83*q + 20412 = 104*q. Suppose 2 = -971*a + q*a. Calculate p(a).
-6
Let d = -239 + 267. Let i be (-4)/(-6)*(-1 - -7). Let m(x) = -i*x**2 - x**3 + d*x - 27*x + 5 - 2. Calculate m(-3).
-9
Let x(k) = -k**3 - 8*k**2 - 7*k + 6. Let t be (-4)/10*-2 - (-32)/10. Suppose 0 = t*g + 5*r + 369, -2*g - 183 = r + 2*r. Let d = g + 89. Determine x(d).
6
Let d be (-8 + 7 + -4)*(5/(-25) + -5). Let m(q) = q**3 - 28*q**2 + 51*q + 32. Give m(d).
6
Let l(f) = 4 + 3*f - 5*f - 3 + f. Let p be 3 - 1 - (39 - 8). Let a = 30 + p. Calculate l(a).
0
Let n(m) = 3*m. Suppose -10 = 3*x + 2*x. Let b be x/4 + 1 - (-231)/(-42). Let l be (-1 + -19)/b - 1*6. What is n(l)?
-6
Let t(a) = a**2 + 6*a + 1. Suppose 2*i = -5*c - 6, -3*i = i + 4*c. Let u(f) = -f**2 - 4*f + 25. Let k be u(-7). Suppose -i*y - 16 = -k. Calculate t(y).
1
Let f(n) be the first derivative of n**2/2 + 15*n + 7528. Let y = -18 - -10. Give f(y).
7
Let o be ((1 - -10) + -10)*-7. Let v(m) = -5*m + 8. Calculate v(o).
43
Let z(c) be the first derivative of -1/2*c**2 + 12*c - 94. Calculate z(0).
12
Let w(p) = 58*p**2 + 25*p - 12. Let l(j) = -58*j**2 - 21*j + 10. Let b(i) = -7*l(i) - 6*w(i). Calculate b(1).
57
Let k(i) = 2*i + 7. Let h(f) = -2*f + 14. Let d be h(7). Let t be k(d). Let q(a) = -3 + 4*a - 6*a**3 - 3*a + t*a**3 - 5*a**2. Give q(5).
2
Suppose -1 = h + 2*x - 10, -x + 9 = 2*h. Let t(j) = -4 - 4*j**2 - 2203*j + h*j**2 - 3 + 2209*j. Calculate t(6).
-7
Let b(s) = -183*s - 2564. Let u be b(-14). Let q(v) = -3*v**3 - 4*v - 3. What is q(u)?
29
Let h(t) = t**3 - t**2 - 13*t + 9. Let f be h(4). Suppose -2*x - f*l = -31, 2*x - 5*l = -x + 59. Let q(b) = 4 - 2 + 16*b**2 + 3*b - x*b**2. What is q(3)?
-7
Let n(u) = u. Let r = -210 + 223. Let z be (r + -8)/(5 + (-8)/2). Determine n(z).
5
Let w(q) = q + 3. Let f = 0 - 15. Let d be (-164)/2 - 3/f*0. Let o = d - -76. Give w(o).
-3
Let j(o) = o**3 + 4*o**2 + 4*o + 5. Suppose 33 - 55 = -r. Suppose -r*y + 10*y - 48 = 0. Give j(y).
-11
Let r(x) = -30*x + 61*x - 3 - 25*x - 5*x**2 + 2*x**3 + 1 - 3*x**3. Calculate r(-6).
-2
Let k(s) be the third derivative of s**5/20 + s**4/6 - 4*s**3/3 + 2433*s**2. What is k(-6)?
76
Let c(y) = -y + 6. Let u be c(4). Let p(f) = 5*f + 1. Let m be p(1). Let n(z) = m*z**2 - z**2 + 0 + z**3 + 5 - z**u. What is n(-4)?
5
Let q(v) be the first derivative of -1/12*v**4 - 3/2*v**2 - 1/12*v**5 + 1/120*v**6 + 10 - v**3 + 0*v. Let k(h) be the second derivative of q(h). What is k(5)?
-16
Suppose 844*o + 25 = 849*o. Suppose -1091 + 1131 = o*c. Let k(y) = -y + 10. Calculate k(c).
2
Let k(q) = q**2 + q + 3. Let x = 766 + -415. Let i = 351 - x. Give k(i).
3
Suppose -101*a - 116 + 268 + 656 = 0. Let j(i) = -i**2 + 27*i - 149. Determine j(a).
3
Suppose -18 = -72*k + 75*k. Let d(t) = t**2 + 11*t - 13. Let a(h) = 6*h - 7. Let j(c) = k*d(c) + 11*a(c). Let n be -1*(1 + 0/(-1)). Calculate j(n).
-5
Let w(c) = -2*c + 20. Let d be (8/(-6))/(6/(-81)). Let q be (0 + -9)*6/d*-3. Give w(q).
2
Let m be 1 + 4 - (-42 + 74). Let d = 36 + m. Let c(w) = w - 5. Give c(d).
4
Let x be (-3534)/(-930) + (-1)/(-5). Let w(q) = q**3 - 6*q**2 + 10*q - 13. Determine w(x).
-5
Let c(q) = -q**2 + 2. Let v(i) = 7*i**2 - 11*i**2 + 4 - 2*i**2 + 3. Let h(k) = 4*c(k) - v(k). Let x(o) = o - 5. Let y be x(4). Give h(y).
3
Let c(i) = 5*i - 28. Let z be c(-9). Let f = -46 - z. Let k(r) = 46 - 18 - f - 2*r**2 - r**3 + 2*r. Calculate k(-2).
-3
Let f(m) be the second derivative of -m**7/840 - m**6/360 + m**5/60 - m**4/6 - 169*m**3/6 + m + 31. Let l(d) be the second derivative of f(d). Give l(0).
-4
Suppose 0*z - 12 = -12*z. Let h = z + -5. Let s(p) = p**2 + 10*p - 1. Let n(x) = x**2 + 9*x. Let f(v) = h*n(v) + 3*s(v). What is f(-5)?
2
Let w(j) = j**2 + 6*j - 3. Suppose 123*s = 114*s + 72. Let g(r) = -r - 4. Let m be g(-4). Suppose -s*p + 3*p - 40 = m. Determine w(p).
13
Let g(r) = r**2 + r. Suppose -5*b - 14*b = -209. Suppose -b*y + 26*y = 13*y. Calculate g(y).
0
Let z(u) = -u + 3. Let c(x) = -18 - 18 - 12 + 49. Let l(s) = s + 1. Let t be l(-4). Let m(i) = t*z(i) + 5*c(i). Give m(3).
5
Suppose -18 = -16*z + 7*z. Let q(v) = 7*v - 7 - 3*v**3 - 3*v**3 - 2*v**3 + 12*v**3 - 5*v**3 + 5*v**z. Give q(6).
-1
Let z(k) be the third derivative of -1/12*k**4 + 15 + 0*k - 3*k**2 + 0*k**3. Calculate z(-1).
2
Let k be -10*(-3)/15*1*15. Suppose -2*t - k = 3*o, 0 = -3*t - 0*t + 4*o - 11. Let r(f) = -f - 16. Calculate r(t).
-7
Let m(g) = 4*g + 78. Suppose 0 = -4*c + 3*c - 19. Let d be m(c). Let p(n) = 3 + 3*n**d + 27*n**3 - 19*n**3 + 5*n - 9*n**3. Calculate p(4).
7
Let b(o) be the second derivative of o**5/20 - o**4/2 - 11*o**3/6 - 7*o**2 + 1609*o. Give b(6).
-80
Let y(r) = 6*r - 2. Let k(q) = -9*q - 72. Let h be k(-18). Let x = h - 88. Calculate y(x).
10
Let z(w) = -2*w**2 - 3*w - 4 + w**2 - 4*w**2 + 2. Let u(v) = 11*v**2 + 5*v + 4. Let c(t) = 4*u(t) + 9*z(t). Let r = 17 + -22. Calculate c(r).
8
Suppose -p + 14 + 13 = -5*a, -4*a = 4*p + 36. Let k(c) = -c**2 + 131*c + 17. Let n(d) = 3*d**2 - 370*d - 49. Let b(x) = -17*k(x) - 6*n(x). Determine b(a).
11
Let x = 110 - 109. Let m(l) = -48 + 18 - 15*l + 18 + 10. Calculate m(x).
-17
Let l(o) = -2*o**2 - 49*o + 91. Let f be (-350)/105*3/(-30) - 316/12. What is l(f)?
13
Let d(k) = -k**3 + 27*k**2 - 181*k + 192. Let t be d(17). Let z(l) = l**2 - 3*l + 13. Determine z(t).
23
Let j(l) = 15*l**2 + 22*l - 93. Let m(t) = -4*t**2 - 6*t + 24. Let d(f) = -3*j(f) - 11*m(f). Determine d(9).
-66
Let g(h) = h**3 + h**2 - 8. Let q(u) = 17*u + 52. Let b be q(-6). Let s = 51 + b. Let y be (1 + (s - 2))/(4 + -2). Give g(y).
-8
Let r be (14/(-4))/((-8)/16). Let j be (-4)/(4 + (-9 - -3)). Let n(o) = 13*o**3 + 1 - o**3 - r*o**j + 6*o**2. Give n(1).
12
Let k(p) = 35*p**2 + 89*p - 110. Let x(g) = 13*g**2 + 31*g - 36. Let d(b) = 3*k(b) - 8*x(b). What is d(-22)?
24
Let z(v) be the first derivative of v**2 + 5*v**3 + 46 + 7*v**3 + v - 10*v**3. Let j(h) = -h**3 + 5*h**2 - 4*h - 2. Let c be j(4). Calculate z(c).
21
Let t(p) = 9*p - 4. Let v be t(0). Let b(n) be the first derivative of 14 - 1/4*n**4 - 2*n**2 - 5/3*n**3 - n. Give b(v).
-1
Let j(t) = 7*t**2 + 6*t - 3. Let a(u) = 9*u**2 + 7*u - 4. Let p(d) = 3*a(d) - 4*j(d). What is p(-2)?
2